2713?
3
What is the units digit of 15742816?
6
What is the millions digit of 1029081?
1
What is the thousands digit of 77808?
7
What is the units digit of 15807940?
0
What is the thousands digit of 2111702?
1
What is the hundred thousands digit of 11308454?
3
What is the tens digit of 1652108?
0
What is the tens digit of 499008?
0
What is the units digit of 238624?
4
What is the ten thousands digit of 2922970?
2
What is the units digit of 1496151?
1
What is the hundreds digit of 4601111?
1
What is the hundred thousands digit of 1226751?
2
What is the units digit of 535092?
2
What is the ten thousands digit of 381410?
8
What is the ten thousands digit of 541450?
4
What is the tens digit of 388366?
6
What is the thousands digit of 844075?
4
What is the ten millions digit of 11250479?
1
What is the tens digit of 428464?
6
What is the hundreds digit of 137655?
6
What is the hundreds digit of 9377122?
1
What is the millions digit of 5080760?
5
What is the tens digit of 31386653?
5
What is the millions digit of 27615459?
7
What is the thousands digit of 115805?
5
What is the units digit of 509331?
1
What is the millions digit of 7703405?
7
What is the ten thousands digit of 159730?
5
What is the units digit of 7176726?
6
What is the thousands digit of 9658701?
8
What is the ten thousands digit of 854552?
5
What is the hundreds digit of 3424377?
3
What is the ten millions digit of 28961713?
2
What is the tens digit of 1435067?
6
What is the tens digit of 15121540?
4
What is the tens digit of 763907?
0
What is the hundreds digit of 2788483?
4
What is the hundred thousands digit of 15373645?
3
What is the units digit of 8005141?
1
What is the hundreds digit of 15326587?
5
What is the units digit of 475071?
1
What is the hundred thousands digit of 9516922?
5
What is the tens digit of 121743?
4
What is the tens digit of 7832560?
6
What is the hundred thousands digit of 865246?
8
What is the thousands digit of 502033?
2
What is the hundred thousands digit of 1162823?
1
What is the tens digit of 225828?
2
What is the hundreds digit of 19858768?
7
What is the millions digit of 3193507?
3
What is the millions digit of 2322585?
2
What is the ten thousands digit of 2924339?
2
What is the hundred thousands digit of 696419?
6
What is the ten thousands digit of 16169943?
6
What is the tens digit of 112794?
9
What is the hundred thousands digit of 2580639?
5
What is the thousands digit of 2472529?
2
What is the thousands digit of 26706?
6
What is the hundred thousands digit of 28310616?
3
What is the tens digit of 110666?
6
What is the hundred thousands digit of 4009774?
0
What is the hundred thousands digit of 764617?
7
What is the ten thousands digit of 541807?
4
What is the tens digit of 1438211?
1
What is the hundreds digit of 1973275?
2
What is the hundred thousands digit of 21277701?
2
What is the tens digit of 22389887?
8
What is the hundreds digit of 94055?
0
What is the ten thousands digit of 8629992?
2
What is the thousands digit of 50435?
0
What is the thousands digit of 1275667?
5
What is the hundred thousands digit of 1856194?
8
What is the tens digit of 1346375?
7
What is the tens digit of 707411?
1
What is the tens digit of 266409?
0
What is the tens digit of 639815?
1
What is the hundred thousands digit of 12771267?
7
What is the ten thousands digit of 4048431?
4
What is the units digit of 40591?
1
What is the units digit of 2898158?
8
What is the hundred thousands digit of 608304?
6
What is the hundreds digit of 6902144?
1
What is the millions digit of 1145067?
1
What is the units digit of 705016?
6
What is the tens digit of 1184707?
0
What is the hundreds digit of 8055474?
4
What is the tens digit of 37849430?
3
What is the ten thousands digit of 224134?
2
What is the ten thousands digit of 955015?
5
What is the tens digit of 168264?
6
What is the tens digit of 505324?
2
What is the hundred thousands digit of 13953300?
9
What is the thousands digit of 3044738?
4
What is the tens digit of 730971?
7
What is the millions digit of 2819284?
2
What is the ten thousands digit of 5585492?
8
What is the hundred thousands digit of 10654156?
6
What is the hundred thousands digit of 157569?
1
What is the tens digit of 401800?
0
What is the hundred thousands digit of 175470?
1
What is the thousands digit of 11869?
1
What is the thousands digit of 426393?
6
What is the thousands digit of 18223125?
3
What is the hundred thousands digit of 1640399?
6
What is the hundred thousands digit of 13473902?
4
What is the ten thousands digit of 349409?
4
What is the tens digit of 3798437?
3
What is the thousands digit of 98929?
8
What is the hundred thousands digit of 353284?
3
What is the thousands digit of 5155527?
5
What is the tens digit of 165596?
9
What is the units digit of 31471?
1
What is the hundred thousands digit of 613124?
6
What is the units digit of 1157286?
6
What is the units digit of 158942?
2
What is the units digit of 628467?
7
What is the tens digit of 777292?
9
What is the millions digit of 25959645?
5
What is the hundreds digit of 839317?
3
What is the ten thousands digit of 308681?
0
What is the units digit of 5324033?
3
What is the tens digit of 1023247?
4
What is the thousands digit of 459346?
9
What is the hundred thousands digit of 151992?
1
What is the millions digit of 2166349?
2
What is the hundred thousands digit of 155043?
1
What is the units digit of 5703351?
1
What is the thousands digit of 4328?
4
What is the units digit of 38250?
0
What is the hundreds digit of 254648?
6
What is the thousands digit of 5595861?
5
What is the thousands digit of 841643?
1
What is the thousands digit of 435773?
5
What is the ten thousands digit of 52685?
5
What is the units digit of 315799?
9
What is the units digit of 250372?
2
What is the units digit of 1504632?
2
What is the tens digit of 15677?
7
What is the hundred thousands digit of 713156?
7
What is the thousands digit of 1534387?
4
What is the ten thousands digit of 245973?
4
What is the ten thousands digit of 12448?
1
What is the thousands digit of 7021617?
1
What is the ten thousands digit of 905763?
0
What is the ten thousands digit of 33061?
3
What is the hundreds digit of 250503?
5
What is the hundred thousands digit of 704029?
7
What is the thousands digit of 7141696?
1
What is the units digit of 2806325?
5
What is the hundred thousands digit of 7276312?
2
What is the units digit of 651276?
6
What is the tens digit of 1026956?
5
What is the units digit of 811270?
0
What is the millions digit of 1057964?
1
What is the millions digit of 3244639?
3
What is the hundreds digit of 26016138?
1
What is the ten thousands digit of 9063981?
6
What is the thousands digit of 11431311?
1
What is the ten thousands digit of 4248086?
4
What is the units digit of 100634?
4
What is the millions digit of 2078894?
2
What is the tens digit of 377771?
7
What is the thousands digit of 324557?
4
What is the millions digit of 3424076?
3
What is the ten thousands digit of 5949707?
4
What is the thousands digit of 90055?
0
What is the tens digit of 26892112?
1
What is the units digit of 32138930?
0
What is the hundred thousands digit of 17050595?
0
What is the units digit of 18277232?
2
What is the thousands digit of 12554614?
4
What is the thousands digit of 896784?
6
What is the ten thousands digit of 11483835?
8
What is the hundreds digit of 11067081?
0
What is the millions digit of 1961614?
1
What is the units digit of 55177?
7
What is the thousands digit of 62117?
2
What is the hundred thousands digit of 617016?
6
What is the hundred thousands digit of 201737?
2
What is the thousands digit of 522134?
2
What is the ten thousands digit of 2253467?
5
What is the hundreds digit of 17041560?
5
What is the millions digit of 5038263?
5
What is the hundred thousands digit of 120339?
1
What is the units digit of 901159?
9
What is the thousands digit of 104475?
4
What is the thousands digit of 1210343?
0
What is the hundreds digit of 15876656?
6
What is the ten thousands digit of 290917?
9
What is the tens digit of 15891056?
5
What is the thousands digit of 1989019?
9
What is the thousands digit of 95460?
5
What is the millions digit of 4870397?
4
What is the units digit of 1741917?
7
What is the hundreds digit of 10017